0*v + 1088 = 0. Suppose -102 = -3*u - 0*a + 3*a, 26 = u + a. Calculate the remainder when u is divided by v.
13
Let b(x) = x**2 + 3*x - 17. Let u be (7 + -1)/(-5 - -4). What is the remainder when 3 is divided by b(u)?
0
Let u = 979 + -936. Let r(l) = l**2 - l + 8. Let a be r(6). Suppose 0 = 5*q + 5, 4*j - a = 2*q. Calculate the remainder when u is divided by j.
7
Suppose 7*k + 139*k - 2920 = 0. Suppose -360 + 48 = -4*m. What is the remainder when m is divided by k?
18
Let v = 2974 - 2910. Suppose -2*h + 0 = -8. Suppose -x = -4*x + 2*t + 64, -84 = -h*x + 4*t. Calculate the remainder when v is divided by x.
20
Let t(v) = -v**2 + 2*v + 26. What is the remainder when t(-3) is divided by 7?
4
Let b be 4/14 - (-4)/(-14). Suppose b = 2*z - 39 - 25. Let j = 75 - 58. Calculate the remainder when z is divided by j.
15
Let k(n) = -n**3 - 11*n**2 + 22*n - 44. Calculate the remainder when 31 is divided by k(-13).
7
Let j(y) = 23*y**2. What is the remainder when 91 is divided by j(-1)?
22
Suppose 0 = -2*g - 2*k + 44, -4*g + 3*k + 60 = -0*k. Suppose 3*t = 80 + 73. Calculate the remainder when t is divided by g.
15
Let f = 822 - 660. What is the remainder when f is divided by 15?
12
Suppose 4 = 4*x - 64. Suppose 3*y = 6*y - 5*f - 200, -2*f - 132 = -2*y. Calculate the remainder when y is divided by x.
14
Let k(f) = f - 2. Let j be k(-2). Let d(s) = 2 + 5*s - 7 - 8*s + s. What is the remainder when d(j) is divided by 3?
0
Let u = 358 - 241. Calculate the remainder when u is divided by 20.
17
Let j(o) = o**3 - 3*o**2 + 4*o - 1. Let z = 3454 + -3443. What is the remainder when j(4) is divided by z?
9
Suppose -5*i + 6 = -2*i. Suppose -2*b = -i*s - 214, b - 113 = s - 2*s. Calculate the remainder when b is divided by 28.
26
What is the remainder when 241 is divided by 11/(-385)*-10 - (-855)/21?
36
Suppose 35*b = -272 + 972. What is the remainder when 34 is divided by b?
14
Let o = -26 - -62. Suppose -40*u + o*u = 0. Suppose 3*q + 0*q - 66 = u. Calculate the remainder when q is divided by 12.
10
Let b be (5/3)/((-8)/96). Let a = b - -30. Suppose -2*h - 60 = -4*h + 2*l, h - 2*l = 32. What is the remainder when h is divided by a?
8
Calculate the remainder when 10/(-12)*3*(-528)/15 is divided by 36.
16
Suppose 4*o = -2*o + 36. Let p(c) = c**3 - 2*c**2 + 11*c - 11. Calculate the remainder when p(o) is divided by 50.
49
Calculate the remainder when (819/(-18) + -10)*-2 is divided by 60.
51
Let r be (-2)/(-4) + (-12)/(-8). Suppose f + 2*f + r*t = 6, 4*t = -3*f + 6. Calculate the remainder when 22 is divided by 4*f/5*5.
6
Let c(x) = x**2 + x + 17. Calculate the remainder when c(6) is divided by 26.
7
Let y(o) = -3*o**3 - 27*o**2 - 3*o + 14. Calculate the remainder when 92 is divided by y(-9).
10
Suppose 39 = 5*q + 14, -4*o + 15 = 3*q. Suppose o = -2*t + 3 + 17. Suppose 2*i - 38 = -0*i. Calculate the remainder when i is divided by t.
9
Let o = 18 - -10. Suppose -12*u = 3*u - 225. Calculate the remainder when o is divided by u.
13
Let g be (-8)/(-6)*-4*(-12)/32. Suppose -2*z + t - g*t + 56 = 0, 138 = 5*z + 2*t. Calculate the remainder when 103 is divided by z.
25
Let t(v) = -v**2 + 8*v + 12. Let f be t(9). Suppose 0 = -f*x - 13 + 58. Suppose 0 = 3*s + s - 164. What is the remainder when s is divided by x?
11
Suppose 3*i - 126 = -2*a, -5*i + a + 210 = -4*a. Let t = 70 - i. Suppose -7*b + 2*d + 48 = -2*b, 3*b - t = d. Calculate the remainder when b is divided by 3.
2
Let u = -94 - -130. What is the remainder when u is divided by 20?
16
Let w = -8 + 16. Suppose -90*h + 94*h - 4*k = 72, 3*k = -5*h + 106. Calculate the remainder when h is divided by w.
4
Let b be 780/(-16) + (-2 - 7/(-4)). Let q = b + 55. What is the remainder when 3*1 + -7 + 21 is divided by q?
5
Let v be (-2 - -8)*(-2)/(-6). Suppose 6*o - 3*j = o + 31, -8 = -v*o - j. Calculate the remainder when 13 is divided by o.
3
What is the remainder when ((-2)/8*2)/((-1)/54) is divided by 11?
5
Let h be 8/(-52) - (-4)/26. Suppose h = -p + 2*p + 16. What is the remainder when 21 is divided by p/(-4 + 2) - -3?
10
Calculate the remainder when 3/(3 - (-240)/(-81)) is divided by 14.
11
Let h be (5 + -3 - 31) + 1. Let l = -23 - h. What is the remainder when 57 is divided by l?
2
Let p = 5 - 15. Let v = -8 - p. Suppose 4*n = v*n + 4*g + 88, 2*n - 86 = 2*g. Calculate the remainder when n is divided by 22.
20
Let j = -277 - -148. Let q = 158 + j. What is the remainder when q is divided by 14?
1
Let n = -308 + 368. Calculate the remainder when n is divided by 52.
8
Let r be (-2)/11 - ((-7968)/66)/4. Suppose 84 + r = 3*b. Calculate the remainder when b is divided by 10.
8
Let o(a) = -a**3 - 4*a**2 + 9*a - 8. Let k be o(-6). Let w = -3 + 22. What is the remainder when (-37)/10*-4*(k + -5) is divided by w?
17
Suppose 0 = -4*r - 0 - 4, 4*o = 5*r - 35. Calculate the remainder when (42/o)/(4/(-60)) is divided by 16.
15
Suppose 128 = t + g, t - 108 = -22*g + 26*g. What is the remainder when t is divided by 56?
12
What is the remainder when (-200)/(-2) - 1 - (47 - 41) is divided by 9?
3
Let w(z) = 18*z - 293. Calculate the remainder when 166 is divided by w(17).
10
Suppose -18 = -v - 2*v. Let o = 2115 - 2038. Calculate the remainder when o is divided by v.
5
Let n = -3 + 20. Suppose 5*c - 4*o - 55 = 0, -n = -c - 2*o - 6. Calculate the remainder when c is divided by 6.
5
Let y = 22 + -20. Let v(u) = 3*u**2 - 3*u. Calculate the remainder when 23 is divided by v(y).
5
Let f(j) = -11*j**2 - 2*j - 1. Let v be f(-1). Let d be (-4 - 1)*6/v. Suppose -3*o = -d - 0, -x + 22 = 2*o. What is the remainder when 37 is divided by x?
17
Suppose -3*v + 2*i = -0*v - 53, -40 = -4*v - 5*i. What is the remainder when 55 is divided by v?
10
Let p be (10/6)/((-2)/(-6)). Suppose 3*q = 3*a - 3, -3*a + p*q = a. What is the remainder when 26 is divided by 2/a - (-528)/55?
6
Let x(n) = -53*n + 371. What is the remainder when x(5) is divided by 22?
18
Suppose -40 = -5*n - 5*h, 0 = 4*n - h - 3*h - 16. Let i(r) be the second derivative of r**4/6 + r**2 - 29*r. Calculate the remainder when i(n) is divided by 19.
17
Suppose -28 = -y - 0*y + 5*w, 5*y = 3*w + 74. Calculate the remainder when 30 is divided by y.
4
Suppose 82 = 2*o - 6. Let g = 18 + o. What is the remainder when g is divided by 21?
20
Suppose 49 - 2030 = -7*k. Calculate the remainder when k is divided by 63.
31
Let l = 2577 - 2565. Suppose -4*y + 9*y - 224 = -2*i, -5*i = -y + 61. Calculate the remainder when y is divided by l.
10
Let j(f) = f**3 - 46*f**2 - 199*f + 41. What is the remainder when 1542 is divided by j(50)?
86
Let l(s) = 5*s**2 + 8*s - 34. Calculate the remainder when 768 is divided by l(3).
33
Let x(j) = 2*j**2 + 6*j - 5. Let i(u) = -u - 9. Let r be i(-4). Calculate the remainder when 42 is divided by x(r).
12
What is the remainder when 2*6 + -109 + 212 is divided by 7?
3
Let w(v) = 40*v. Let h be w(9). Suppose f - 4*t - h = -3*f, 66 = f + 5*t. Suppose -5*g - f = -7*g. Calculate the remainder when g is divided by 11.
10
Let b(p) = -p + 4. What is the remainder when (204/(-136))/((-2)/4) is divided by b(3)?
0
Let v = 233 + -138. What is the remainder when v is divided by 45?
5
Let p be -177*2/3*(8 + -7). Let v = p - -146. Suppose 0 = -a - 4*a + 75. Calculate the remainder when v is divided by a.
13
Let t = -7 + 13. Let g be 2 - (t + -1) - 3. Calculate the remainder when (44/g)/(-2)*33 is divided by 31.
28
Let h(f) = -f + f**2 + 9 - 6 - 1 - 6. Let r be h(0). Calculate the remainder when ((-282)/(-9))/(r/(-6)) is divided by 16.
15
Let g(r) = 3*r + 20. Let s be g(7). Let j = 68 - s. Let t = 169 - 117. Calculate the remainder when t is divided by j.
25
Suppose -124 = -11*v + 118. What is the remainder when 174 is divided by v?
20
Suppose 0 = -2*p + 1 - 3. Let r be (11 + -11)*p/2. Let s(o) = -o**2 - o + 11. What is the remainder when s(r) is divided by 6?
5
Let w(q) = -2*q + 4 - 2*q + q. Let r = -2 - 2. What is the remainder when w(r) is divided by 6?
4
Let j(q) = 6*q**3 + 5*q**2 + 4*q. Let d(t) = 7*t**3 + 4*t**2 + 3*t. Let i(k) = 4*d(k) - 3*j(k). What is the remainder when i(2) is divided by 29?
26
Suppose 2*i + s - 30 = 2*s, 2*s - 10 = -i. Suppose 14 = 2*f - i. What is the remainder when f is divided by 4?
2
Suppose -7*v = -8*v + 4*k + 23, 0 = -v + 5*k + 26. Suppose 134 = 2*y + 2*j, 0 = 4*j - 2*